(8/10 + -1). Suppose -39 - 31 = -z*a. What is the highest common factor of 7 and a?
7
Let r(p) = 2*p - 6. Let x = -8 - -13. Suppose 0 = x*y - 26 + 1. Let l be r(y). Calculate the highest common divisor of 20 and l.
4
Let o(x) = 5*x + 36. Let j = -53 + 48. Let f be o(j). Calculate the greatest common factor of f and 44.
11
Suppose -19*x - 1349 + 7220 = 0. What is the highest common factor of x and 824?
103
Suppose 25 = p + 5*y, -5*p + 68 = -3*p + 4*y. Calculate the highest common divisor of p and 50.
10
Let g(b) = -2*b**3 - 8*b**2 + 34*b - 8. Let n be g(-7). Calculate the greatest common factor of 1296 and n.
48
Let p = -1 - -5. Suppose p*g = -a + 17, a = 4*g + 3*a - 18. Let n be (g/(-6))/((-1)/12). What is the greatest common factor of 88 and n?
8
Let r = 71 + 20. What is the greatest common divisor of r and 52?
13
Let m be (4/(-8))/(4/(-32)). Suppose 0 = -m*y + 5*k - 30 + 82, -3*y - 4*k = -8. Calculate the highest common factor of y and 16.
8
Let y be 1102/2*(3 + -7 - -6). Calculate the highest common factor of y and 58.
58
Let y be 8/(-28)*(-12 - 2). What is the greatest common divisor of y and 8?
4
Let l = 1570 - 1542. Calculate the greatest common divisor of 5 and l.
1
Suppose -16 = 4*i, 0*j = -5*j - 2*i + 172. What is the highest common divisor of 12 and j?
12
Suppose 4*l + l - 3*d = 35, 3*l = d + 17. Suppose 2*f - 64 = -f + 4*z, -l*f + 4*z + 84 = 0. Calculate the greatest common factor of f and 8.
4
Let k(u) = u - 11. Let n(i) = -i + 10. Let o(s) = -7*k(s) - 6*n(s). Let x be o(6). Calculate the greatest common divisor of x and 11.
11
Let z(n) = -n**2 + 8*n - 12. Let v be z(4). Suppose -v*m = 67 - 99. Calculate the greatest common divisor of 4 and m.
4
Let g be (3 - 48/18)*-21. Let l(f) be the second derivative of f**4/2 - 11*f**3/6 - 4*f**2 + 3*f. Let a be l(g). What is the highest common divisor of a and 33?
33
Let i be (-4)/(-4 + (2 - 0)). Suppose -3*c = 12, n = -i*n + 3*c + 15. What is the greatest common factor of 7 and n?
1
Let p be (0 + 4)*6/36*-27. Let r be 1 - (-50)/4 - p/(-12). Calculate the greatest common divisor of r and 16.
4
Suppose 4*g - 2*y = 1420, 2426 - 650 = 5*g - 2*y. What is the greatest common divisor of 89 and g?
89
Let t(i) = 2*i**2 + 17. Let x be t(10). What is the highest common divisor of x and 7?
7
Let s be (3068/3)/(-2)*219/(-146). Calculate the greatest common divisor of s and 13.
13
Let i = 301 - 145. Calculate the highest common divisor of 12 and i.
12
Suppose 49 = 40*i - 111. Let g = 49 + -21. What is the highest common factor of g and i?
4
Let v = 17 - 12. Let y be v/((-5)/(-4)) - -1. Let n(w) = w**3 + 6*w**2 - 5*w - 29. Let p be n(-6). What is the greatest common divisor of y and p?
1
Let g(r) = -r - 1. Let x(i) = 8*i + 9. Let s(t) = -36*g(t) - 4*x(t). Let q be s(10). What is the highest common divisor of 10 and q?
10
Let p(v) = 13*v**2. Let r be p(-1). Suppose -387 - r = -4*j. What is the greatest common factor of 25 and j?
25
Suppose -656 + 734 = 2*q. Calculate the highest common factor of q and 39.
39
Let d = 203 - -17. Calculate the greatest common divisor of 11 and d.
11
Let f(l) be the first derivative of l**3/3 + 2*l**2 + 25*l - 25. Let u be f(-10). Calculate the highest common divisor of u and 34.
17
Suppose 166 = 3*q - 206. Let u be q/16 + 3/(-4). What is the greatest common divisor of 133 and u?
7
Let p be (8/(-10))/(4/610). Let o = 203 + p. Suppose 4*a - 17 = 19. Calculate the greatest common factor of o and a.
9
Suppose -5*g + y + 1817 = 0, 5*g + 6*y - 1809 = 3*y. What is the greatest common divisor of 264 and g?
33
Let r be (-3)/(-15) - 6993/(-35). What is the greatest common factor of 32 and r?
8
Let h be (-280)/(-8) - (-3 - -3 - 3). What is the greatest common factor of 342 and h?
38
Suppose 0 = -6*m - 14 + 158. Suppose 28*u - m*u - 16 = 0. What is the highest common divisor of 32 and u?
4
Let s be 4/(24/42) + -2. What is the greatest common factor of s and 5?
5
Suppose 0 = -g + 4*j, -26 + 6 = -3*g + 2*j. What is the highest common factor of g and 76?
4
Let p be 3*73/(-9)*(-54 - -3). Calculate the highest common factor of p and 73.
73
Suppose -9*a + 1728 = -3*a. Calculate the highest common factor of a and 36.
36
Suppose 17*l = 12*l + 1185. Let a = l + 155. Calculate the greatest common divisor of a and 56.
56
Let q = -4 - -11. Let w = 6 - 10. Let d(p) = -24*p - 19. Let a be d(w). Calculate the greatest common factor of a and q.
7
Let z = -1012 + -1538. Let t be z/(-24) + 14/8 + -2. Calculate the greatest common divisor of t and 53.
53
Suppose 3*l - 23 = 34. Let g = 215 + 80. Suppose 3*o - 5*i = g, 2*o = o - 3*i + 89. Calculate the highest common divisor of l and o.
19
Let l(r) = 64*r - 1. Let j = 3 + -2. Let a be l(j). Calculate the greatest common divisor of 42 and a.
21
Suppose 11*c - 380 = 7*c. What is the highest common divisor of 5 and c?
5
Suppose -1619 + 13878 = 13*q. What is the greatest common divisor of q and 23?
23
Let y be (30/(-20))/(6/4). Let c be y*(-5 + 3) + 46. Let a = c + -29. Calculate the greatest common factor of 209 and a.
19
Suppose 2*h - 95 = -0*n + n, h + 2*n - 60 = 0. Let r = h + -49. What is the highest common factor of 5 and r?
1
Suppose 3*p = -4*j - 39, -p + 4*j = 2*j + 23. Let l = p + 27. What is the greatest common factor of 5 and l?
5
Suppose 4*g - 6*g - 54 = 0. Let x = -19 - g. Let n be (-2)/(-2)*3*x. Calculate the greatest common factor of n and 60.
12
Suppose 128 = 3*k - 2*v - 42, -k + 5*v + 35 = 0. Let d(g) = -g**3 + 9*g**2 + 25*g + 7. Let b be d(11). What is the greatest common factor of b and k?
20
Let v(n) = 83*n**3 - n**2 + n - 1. Let m be v(1). Let c = 13 - 51. Let r = m + c. What is the greatest common divisor of 4 and r?
4
Suppose -12*q = -7*q - 415. Suppose -q = -3*i - 2*i + 4*h, -4*i - 5*h + 50 = 0. Calculate the highest common factor of i and 165.
15
Let j = 65 + -69. Let p be (-25 + (-1)/1)*j. What is the greatest common divisor of p and 26?
26
Suppose 240 = 26*m - 25*m. What is the highest common factor of m and 15?
15
Suppose 5*s + 4*o - 132 = 0, 3*s + 2*s + 2*o - 136 = 0. Let k be (-56)/(-6)*(-126)/(-28). What is the greatest common factor of s and k?
14
Let l be (1 - 4) + -1*1 + 5. Suppose -4*f + 3*g - 5 = 0, -8*f - g = -3*f - 8. Calculate the greatest common factor of l and f.
1
Let p be (-1 - -38)*6/(-18)*-3. Let j = p + -20. Calculate the highest common factor of j and 85.
17
Suppose -4*s - 38 = -3*h + h, s + 32 = -4*h. Let x be ((-9)/6)/(s/112). Let b be (-10)/(-15)*84/4. Calculate the highest common factor of x and b.
14
Let b = -14 + 8. Let g = 7 - b. Calculate the highest common factor of g and 13.
13
Let a = 28 - -16. Let f = 107 - a. Let v be 94/10 + 4/(-10). Calculate the greatest common divisor of v and f.
9
Let u = 16 - -26. Calculate the greatest common divisor of 42 and u.
42
Let w(i) be the third derivative of i**4/24 + 9*i**3/2 + 11*i**2. Let c be w(11). Calculate the greatest common divisor of 418 and c.
38
Let v = -1350 + 2416. Calculate the highest common divisor of v and 82.
82
Let g be -4*(-3 + 14/8). Suppose q = g*q - 120. Calculate the greatest common factor of 330 and q.
30
Let v be -4 - ((-81)/(-2))/((-18)/48). Calculate the greatest common factor of v and 13.
13
Suppose 4*m = -t - 1 + 5, -3*t + 4*m + 12 = 0. Let p(a) = a**3 - 4*a**2 + a - 1. Let n be p(t). What is the highest common divisor of n and 33?
3
Suppose -931 = -5*y + 3*l, 5*y + 7*l - 921 = 5*l. What is the greatest common factor of 37 and y?
37
Let h be -2*100/(-8) + -3. Calculate the greatest common divisor of h and 2.
2
Suppose b = -7 + 23. Suppose -27 + b = g. Let p(v) = v + 27. Let u be p(g). What is the highest common divisor of 48 and u?
16
Let g be ((-9)/(-15))/(1/15). What is the greatest common factor of 1 and g?
1
Let a(n) = -n**2 + 12*n - 26. Let k be a(4). Let w be (-6)/(-21) + 208/7. What is the greatest common divisor of w and k?
6
Let y = 17 - 19. Let s be ((-102)/4 + -4)*y. Suppose 19 = -2*k + s. Calculate the greatest common divisor of k and 40.
20
Let w(l) be the third derivative of l**5/60 + 13*l**4/24 + 11*l**3/2 + 14*l**2. Let a be w(-11). Calculate the greatest common divisor of a and 1.
1
Suppose -5*g + 1135 = -5*k - 685, -k = -5*g + 1820. What is the greatest common factor of g and 52?
52
Suppose 10 = g - 42. Suppose 0 = -2